{"id":675,"date":"2023-04-12T12:55:23","date_gmt":"2023-04-12T12:55:23","guid":{"rendered":"https:\/\/taranivanua.de\/?post_type=product&#038;p=675"},"modified":"2023-04-22T10:39:32","modified_gmt":"2023-04-22T10:39:32","slug":"tuerkis-rudrak-armband","status":"publish","type":"product","link":"https:\/\/taranivanua.de\/?product=tuerkis-rudrak-armband","title":{"rendered":"T\u00fcrkis-Rudrak Armband"},"content":{"rendered":"<p><strong>Material:<\/strong><\/p>\n<p>Edelsteine: T\u00fcrkis 8mm \/ Rudraksha 7mm; Master Bead 5 Mukhi 12mm \/ Tibetan Silver<\/p>\n<p><strong>Umfang:<\/strong> ca. 17cm<\/p>\n<p>Sehr sch\u00f6nes Rudraksha-Armband mit T\u00fcrkissteinen f\u00fcr Erfolg und Schutz.<\/p>\n<p>Handmade in Fiji<\/p>\n","protected":false},"excerpt":{"rendered":"<p>Sehr sch\u00f6nes Rudraksha-Armband mit T\u00fcrkissteinen f\u00fcr Erfolg und Schutz.<\/p>\n","protected":false},"featured_media":643,"template":"","meta":[],"product_cat":[42,40],"product_tag":[],"class_list":{"0":"post-675","1":"product","2":"type-product","3":"status-publish","4":"has-post-thumbnail","6":"product_cat-mala-edelstein-armband","7":"product_cat-mala-rudraksha-armband","9":"first","10":"instock","11":"sold-individually","12":"purchasable","13":"product-type-simple"},"jetpack_sharing_enabled":true,"_links":{"self":[{"href":"https:\/\/taranivanua.de\/index.php?rest_route=\/wp\/v2\/product\/675","targetHints":{"allow":["GET"]}}],"collection":[{"href":"https:\/\/taranivanua.de\/index.php?rest_route=\/wp\/v2\/product"}],"about":[{"href":"https:\/\/taranivanua.de\/index.php?rest_route=\/wp\/v2\/types\/product"}],"wp:featuredmedia":[{"embeddable":true,"href":"https:\/\/taranivanua.de\/index.php?rest_route=\/wp\/v2\/media\/643"}],"wp:attachment":[{"href":"https:\/\/taranivanua.de\/index.php?rest_route=%2Fwp%2Fv2%2Fmedia&parent=675"}],"wp:term":[{"taxonomy":"product_cat","embeddable":true,"href":"https:\/\/taranivanua.de\/index.php?rest_route=%2Fwp%2Fv2%2Fproduct_cat&post=675"},{"taxonomy":"product_tag","embeddable":true,"href":"https:\/\/taranivanua.de\/index.php?rest_route=%2Fwp%2Fv2%2Fproduct_tag&post=675"}],"curies":[{"name":"wp","href":"https:\/\/api.w.org\/{rel}","templated":true}]}}