{"id":401,"date":"2023-03-30T10:13:21","date_gmt":"2023-03-30T10:13:21","guid":{"rendered":"https:\/\/taranivanua.de\/?post_type=product&#038;p=401"},"modified":"2023-04-22T09:59:06","modified_gmt":"2023-04-22T09:59:06","slug":"baroque-pearl-white-armband","status":"publish","type":"product","link":"https:\/\/taranivanua.de\/?product=baroque-pearl-white-armband","title":{"rendered":"Baroque-Pearl-White Armband"},"content":{"rendered":"<p><strong>Material:<\/strong><\/p>\n<p>Baroque-Pearls lila 10-12mm, S\u00fc\u00dfwasserperle weiss 1a Qualit\u00e4t 8mm \/ mit Verschlu\u00df<\/p>\n<p><strong>Umfang:<\/strong> ca. 22cm<\/p>\n<p>Sehr sch\u00f6ne Baroque-Pearls in Lila, die den Namen wegen ihrer strukturierten und nat\u00fcrlich gewachsenen und ovalen Form erhalten haben.\u00a0 Das leuchtende Weiss der S\u00fcsswasserperlen verst\u00e4rkt den Charakter der Baroque-Pearls. Beide Perlen kommen aus den S\u00fcdpazifik.<\/p>\n<p>Das Armband ist bestens dazu geeignet seinen Gef\u00fchlen ihren freien Lauf zu lassen.<\/p>\n<p>Handmade in Fiji<\/p>\n","protected":false},"excerpt":{"rendered":"<p>Sehr sch\u00f6ne Baroque-Pearls in Lila, die den Namen wegen ihrer strukturierten und nat\u00fcrlich gewachsenen und ovalen Form erhalten haben.\u00a0 Das leuchtende Weiss der S\u00fcsswasserperlen verst\u00e4rkt den Charakter der Baroque-Pearls.<\/p>\n","protected":false},"featured_media":378,"template":"","meta":[],"product_cat":[45,49],"product_tag":[],"class_list":{"0":"post-401","1":"product","2":"type-product","3":"status-publish","4":"has-post-thumbnail","6":"product_cat-fashion-schmuck","7":"product_cat-suesswasserperlen-armband","9":"first","10":"instock","11":"sold-individually","12":"purchasable","13":"product-type-simple"},"jetpack_sharing_enabled":true,"_links":{"self":[{"href":"https:\/\/taranivanua.de\/index.php?rest_route=\/wp\/v2\/product\/401","targetHints":{"allow":["GET"]}}],"collection":[{"href":"https:\/\/taranivanua.de\/index.php?rest_route=\/wp\/v2\/product"}],"about":[{"href":"https:\/\/taranivanua.de\/index.php?rest_route=\/wp\/v2\/types\/product"}],"wp:featuredmedia":[{"embeddable":true,"href":"https:\/\/taranivanua.de\/index.php?rest_route=\/wp\/v2\/media\/378"}],"wp:attachment":[{"href":"https:\/\/taranivanua.de\/index.php?rest_route=%2Fwp%2Fv2%2Fmedia&parent=401"}],"wp:term":[{"taxonomy":"product_cat","embeddable":true,"href":"https:\/\/taranivanua.de\/index.php?rest_route=%2Fwp%2Fv2%2Fproduct_cat&post=401"},{"taxonomy":"product_tag","embeddable":true,"href":"https:\/\/taranivanua.de\/index.php?rest_route=%2Fwp%2Fv2%2Fproduct_tag&post=401"}],"curies":[{"name":"wp","href":"https:\/\/api.w.org\/{rel}","templated":true}]}}