{"id":243,"date":"2023-03-22T13:07:52","date_gmt":"2023-03-22T13:07:52","guid":{"rendered":"https:\/\/taranivanua.de\/?post_type=product&#038;p=243"},"modified":"2023-04-22T09:38:22","modified_gmt":"2023-04-22T09:38:22","slug":"tuerkis-armband","status":"publish","type":"product","link":"https:\/\/taranivanua.de\/?product=tuerkis-armband","title":{"rendered":"T\u00fcrkis Armband"},"content":{"rendered":"<p><strong>Material:<\/strong><\/p>\n<p>Edelstein: T\u00fcrkis 10mm<\/p>\n<p><strong>Umfang:<\/strong> ca. 20cm<\/p>\n<p>Der T\u00fcrkis gilt als Schutzstein und steht f\u00fcr Erfolg. Er wird in der indigenen Kultur der amerikanischen Ureinwohnerinnen und im Himalaya (Tibet) sehr gesch\u00e4tzt.<\/p>\n<p>Handmade in Fiji<\/p>\n","protected":false},"excerpt":{"rendered":"<p>Der T\u00fcrkis gilt als Schutzstein und steht f\u00fcr Erfolg. Er wird in der indigene Kultur der amerikanischen Ureinwohnerinnen und im Himalaya (Tibet) sehr gesch\u00e4tzt.<\/p>\n","protected":false},"featured_media":226,"template":"","meta":[],"product_cat":[42],"product_tag":[],"class_list":{"0":"post-243","1":"product","2":"type-product","3":"status-publish","4":"has-post-thumbnail","6":"product_cat-mala-edelstein-armband","8":"first","9":"instock","10":"sold-individually","11":"purchasable","12":"product-type-simple"},"jetpack_sharing_enabled":true,"_links":{"self":[{"href":"https:\/\/taranivanua.de\/index.php?rest_route=\/wp\/v2\/product\/243","targetHints":{"allow":["GET"]}}],"collection":[{"href":"https:\/\/taranivanua.de\/index.php?rest_route=\/wp\/v2\/product"}],"about":[{"href":"https:\/\/taranivanua.de\/index.php?rest_route=\/wp\/v2\/types\/product"}],"wp:featuredmedia":[{"embeddable":true,"href":"https:\/\/taranivanua.de\/index.php?rest_route=\/wp\/v2\/media\/226"}],"wp:attachment":[{"href":"https:\/\/taranivanua.de\/index.php?rest_route=%2Fwp%2Fv2%2Fmedia&parent=243"}],"wp:term":[{"taxonomy":"product_cat","embeddable":true,"href":"https:\/\/taranivanua.de\/index.php?rest_route=%2Fwp%2Fv2%2Fproduct_cat&post=243"},{"taxonomy":"product_tag","embeddable":true,"href":"https:\/\/taranivanua.de\/index.php?rest_route=%2Fwp%2Fv2%2Fproduct_tag&post=243"}],"curies":[{"name":"wp","href":"https:\/\/api.w.org\/{rel}","templated":true}]}}