{"id":220,"date":"2023-03-22T08:58:10","date_gmt":"2023-03-22T08:58:10","guid":{"rendered":"https:\/\/taranivanua.de\/?post_type=product&#038;p=220"},"modified":"2023-04-22T09:42:59","modified_gmt":"2023-04-22T09:42:59","slug":"perlen-lava-halskette","status":"publish","type":"product","link":"https:\/\/taranivanua.de\/?product=perlen-lava-halskette","title":{"rendered":"Perlen-Lava Halskette"},"content":{"rendered":"<p><strong>Material:<\/strong><\/p>\n<p>Wei\u00dfe S\u00fc\u00dfwasserperlen aus dem S\u00fcdpazifik 12mm<\/p>\n<p>Edelsteine: Tree-Jasper 10mm, T\u00fcrkis 10mm, Lavastein 8mm \/ Tibetan Silver<\/p>\n<p><strong>Umfang:<\/strong> 46cm<\/p>\n<p>Eine perfekte Farb- und Edelsteinkombination f\u00fcr Abenteuer und Unterwegs-Sein.<\/p>\n<p>Handmade in Fiji<\/p>\n","protected":false},"excerpt":{"rendered":"<p>Eine perfekte Farb- und Edelsteinkombination f\u00fcr Abenteuer und Unterwegs-Sein.<\/p>\n","protected":false},"featured_media":205,"template":"","meta":[],"product_cat":[45,48],"product_tag":[],"class_list":{"0":"post-220","1":"product","2":"type-product","3":"status-publish","4":"has-post-thumbnail","6":"product_cat-fashion-schmuck","7":"product_cat-suesswasserperlen-halskette-schmuck","9":"first","10":"instock","11":"sold-individually","12":"purchasable","13":"product-type-simple"},"jetpack_sharing_enabled":true,"_links":{"self":[{"href":"https:\/\/taranivanua.de\/index.php?rest_route=\/wp\/v2\/product\/220","targetHints":{"allow":["GET"]}}],"collection":[{"href":"https:\/\/taranivanua.de\/index.php?rest_route=\/wp\/v2\/product"}],"about":[{"href":"https:\/\/taranivanua.de\/index.php?rest_route=\/wp\/v2\/types\/product"}],"wp:featuredmedia":[{"embeddable":true,"href":"https:\/\/taranivanua.de\/index.php?rest_route=\/wp\/v2\/media\/205"}],"wp:attachment":[{"href":"https:\/\/taranivanua.de\/index.php?rest_route=%2Fwp%2Fv2%2Fmedia&parent=220"}],"wp:term":[{"taxonomy":"product_cat","embeddable":true,"href":"https:\/\/taranivanua.de\/index.php?rest_route=%2Fwp%2Fv2%2Fproduct_cat&post=220"},{"taxonomy":"product_tag","embeddable":true,"href":"https:\/\/taranivanua.de\/index.php?rest_route=%2Fwp%2Fv2%2Fproduct_tag&post=220"}],"curies":[{"name":"wp","href":"https:\/\/api.w.org\/{rel}","templated":true}]}}